mainder when 41 is divided by 6.
5
What is the remainder when 288 is divided by 65?
28
What is the remainder when 172 is divided by 80?
12
Calculate the remainder when 2229 is divided by 72.
69
Calculate the remainder when 18 is divided by 2.
0
Calculate the remainder when 99 is divided by 20.
19
What is the remainder when 3659 is divided by 99?
95
Calculate the remainder when 285 is divided by 63.
33
Calculate the remainder when 9 is divided by 6.
3
What is the remainder when 587 is divided by 5?
2
Calculate the remainder when 124 is divided by 6.
4
Calculate the remainder when 499 is divided by 58.
35
Calculate the remainder when 66 is divided by 34.
32
What is the remainder when 306 is divided by 76?
2
What is the remainder when 128 is divided by 27?
20
What is the remainder when 1005 is divided by 24?
21
Calculate the remainder when 980 is divided by 58.
52
What is the remainder when 145 is divided by 46?
7
What is the remainder when 6197 is divided by 2065?
2
What is the remainder when 34 is divided by 14?
6
Calculate the remainder when 92 is divided by 14.
8
What is the remainder when 962 is divided by 120?
2
Calculate the remainder when 337 is divided by 86.
79
What is the remainder when 463 is divided by 52?
47
What is the remainder when 55 is divided by 32?
23
What is the remainder when 291 is divided by 11?
5
Calculate the remainder when 45 is divided by 25.
20
Calculate the remainder when 77 is divided by 40.
37
What is the remainder when 2380 is divided by 62?
24
What is the remainder when 110 is divided by 3?
2
Calculate the remainder when 205 is divided by 74.
57
Calculate the remainder when 96 is divided by 10.
6
Calculate the remainder when 300 is divided by 77.
69
What is the remainder when 2473 is divided by 2461?
12
Calculate the remainder when 734 is divided by 150.
134
Calculate the remainder when 223 is divided by 40.
23
Calculate the remainder when 24471 is divided by 152.
151
What is the remainder when 416 is divided by 38?
36
What is the remainder when 984 is divided by 244?
8
Calculate the remainder when 15586 is divided by 119.
116
What is the remainder when 697 is divided by 19?
13
Calculate the remainder when 136 is divided by 47.
42
What is the remainder when 35737 is divided by 361?
359
Calculate the remainder when 8355 is divided by 61.
59
What is the remainder when 163 is divided by 88?
75
Calculate the remainder when 464 is divided by 31.
30
What is the remainder when 55 is divided by 29?
26
Calculate the remainder when 921 is divided by 14.
11
Calculate the remainder when 224 is divided by 215.
9
Calculate the remainder when 306 is divided by 151.
4
Calculate the remainder when 1042 is divided by 95.
92
What is the remainder when 430 is divided by 63?
52
What is the remainder when 15007 is divided by 28?
27
What is the remainder when 20587 is divided by 12?
7
What is the remainder when 29860 is divided by 474?
472
What is the remainder when 2307 is divided by 245?
102
Calculate the remainder when 268 is divided by 96.
76
What is the remainder when 400 is divided by 136?
128
Calculate the remainder when 1587 is divided by 43.
39
What is the remainder when 265 is divided by 90?
85
Calculate the remainder when 439 is divided by 34.
31
Calculate the remainder when 1405 is divided by 65.
40
Calculate the remainder when 368 is divided by 258.
110
Calculate the remainder when 1875 is divided by 67.
66
Calculate the remainder when 334 is divided by 113.
108
What is the remainder when 1922 is divided by 276?
266
Calculate the remainder when 833 is divided by 30.
23
Calculate the remainder when 27 is divided by 11.
5
What is the remainder when 1063 is divided by 11?
7
What is the remainder when 111 is divided by 43?
25
What is the remainder when 320 is divided by 78?
8
Calculate the remainder when 1931 is divided by 138.
137
What is the remainder when 109 is divided by 38?
33
What is the remainder when 475 is divided by 166?
143
Calculate the remainder when 1637 is divided by 120.
77
Calculate the remainder when 775 is divided by 94.
23
Calculate the remainder when 137 is divided by 37.
26
What is the remainder when 24970 is divided by 221?
218
Calculate the remainder when 77 is divided by 23.
8
Calculate the remainder when 114 is divided by 24.
18
Calculate the remainder when 69 is divided by 22.
3
What is the remainder when 262 is divided by 54?
46
Calculate the remainder when 476 is divided by 160.
156
Calculate the remainder when 176 is divided by 26.
20
What is the remainder when 12124 is divided by 141?
139
Calculate the remainder when 266 is divided by 31.
18
Calculate the remainder when 5397 is divided by 12.
9
Calculate the remainder when 1103 is divided by 131.
55
Calculate the remainder when 83 is divided by 17.
15
What is the remainder when 1312 is divided by 648?
16
Calculate the remainder when 2215 is divided by 10.
5
Calculate the remainder when 506 is divided by 134.
104
What is the remainder when 993 is divided by 987?
6
Calculate the remainder when 1981 is divided by 8.
5
What is the remainder when 412 is divided by 35?
27
What is the remainder when 119 is divided by 18?
11
What is the remainder when 67 is divided by 14?
11
What is the remainder when 4597 is divided by 38?
37
What is the remainder when 223 is divided by 46?
39
Calculate the remainder when 345 is divided by 25.
20
What is the remainder when 620 is divided by 9?
8
Calculate the remainder when 72 is divided by 30.
12
What is the remainder when 6444 is divided by 124?
120
What is the remainder when 77 is divided by 4?
1
What is the remainder when 661 is divided by 237?
187
Calculate the remainder when 866 is divided by 15.
11
Calculate the remainder when 80 is divided by 41.
39
Calculate the remainder when 883 is divided by 61.
29
What is the remainder when 4448 is divided by 1478?
14
What is the remainder when 1796 is divided by 16?
4
What is the remainder when 396 is divided by 49?
4
Calculate the remainder when 10 is divided by 8.
2
What is the remainder when 2137 is divided by 69?
67
What is the remainder when 124 is divided by 40?
4
Calculate the remainder when 194 is divided by 46.
10
Calculate the remainder when 291 is divided by 83.
42
What is the remainder when 626 is divided by 18?
14
Calculate the remainder when 5265 is divided by 18.
9
What is the remainder when 527 is divided by 59?
55
Calculate the remainder when 786 is divided by 29.
3
What is the remainder when 337 is divided by 34?
31
Calculate the remainder when 31318 is divided by 60.
58
Calculate the remainder when 225 is divided by 39.
30
What is the remainder when 614 is divided by 155?
149
Calculate the remainder when 500 is divided by 28.
24
Calculate the remainder when 1874 is divided by 48.
2
Calculate the remainder when 317 is divided by 66.
53
Calculate the remainder when 382 is divided by 43.
38
Calculate the remainder when 1503 is divided by 5.
3
Calculate the remainder when 67 is divided by 33.
1
Calculate the remainder when 53 is divided by 45.
8
Calculate the remainder when 116 is divided by 36.
8
What is the remainder when 60 is divided by 26?
8
Calculate the remainder when 263 is divided by 19.
16
What is the remainder when 580 is divided by 109?
35
Calculate the remainder when 779 is divided by 10.
9
What is the remainder when 165 is divided by 9?
3
What is the remainder when 5222 is divided by 9?
2
What is the remainder when 3935 is divided by 15?
5
Calculate the remainder when 297 is divided by 290.
7
Calculate the remainder when 78 is divided by 40.
38
Calculate the remainder when 190 is divided by 114.
76
What is the remainder when 158 is divided by 53?
52
Calculate the remainder when 739 is divided by 53.
50
What is the remainder when 924 is divided by 25?
24
Calculate the remainder when 272 is divided by 132.
8
Calculate the remainder when 301 is divided by 30.
1
What is the remainder when 63 is divided by 16?
15
Calculate the remainder when 970 is divided by 85.
35
Calculate the remainder when 622 is divided by 245.
132
What is the remainder when 62 is divided by 9?
8
What is the remainder when 1477 is divided by 33?
25
Calculate the remainder when 826 is divided by 183.
94
Calculate the remainder when 416 is divided by 6.
2
What is the rema